and f?
1
Let m be (-4471)/(-51) - 2/(-6). Suppose 0 = 12*z - 14*z + m. What is the greatest common divisor of z and 4?
4
Let i be 297/(-6) - 12/(-8). Let a = i + 82. Calculate the highest common factor of 374 and a.
34
Let s(w) = -3*w + 7. Let j be s(-5). Suppose 267*i - 103*i - 15897 + 1465 = 0. Calculate the greatest common divisor of i and j.
22
Let w be (68/(-8) - -4)*-2. Suppose 4*d = 5*i - 48, -4*d - 16 = -i - 0*i. Let q = 44 - i. What is the highest common divisor of q and w?
9
Let y be ((-10)/(-6))/((-9)/(-27)). Let h(g) = -17*g + 6. Let r be h(y). Let s = 139 + r. Calculate the highest common factor of s and 12.
12
Suppose 4*r = d - 1540, 5*d + 0*r + r - 7763 = 0. What is the greatest common divisor of d and 97?
97
Let j = 82 + -55. Let s = -1698 + 1716. Calculate the greatest common divisor of j and s.
9
Suppose -202 + 4 = -6*p. Let g be (-6)/4*(-2288)/p. Calculate the greatest common factor of g and 8.
8
Let s be (0/(-2) + 15)*(-55)/(-33). Suppose 6*m - 2*m - 1100 = 0. What is the highest common factor of m and s?
25
Suppose -1930 = -7*u + 2872. Calculate the highest common divisor of 14 and u.
14
Suppose s + 3*x - 78 = -2*s, -4*s + x + 119 = 0. Suppose -6*o - 5 + s = 0. Let y be o/12 + (-136)/(-6). What is the highest common divisor of y and 115?
23
Suppose -4*n = q - 266 - 2517, 0 = q + 1. What is the highest common divisor of n and 261?
87
Let u(c) = -31*c - 90. Let n be u(-3). Calculate the greatest common factor of n and 3.
3
Suppose -600 = -35*y + 27*y. What is the highest common factor of y and 100?
25
Let s be (10 - 33) + -1*2. Let g = s + 54. Calculate the greatest common factor of g and 203.
29
Let g = -1508 - -1556. Suppose -5*s = 5*c + 65, 4*s = -0*c - 3*c - 40. Let f be (c/(-14))/(4/28). Calculate the greatest common factor of g and f.
6
Suppose -976 + 206 = -5*a. Let c = -18 - -13. Let s be c/(-15) + (-82)/(-6). What is the highest common divisor of a and s?
14
Suppose -15*z = -11*z + 4, 2*w + z = 739. What is the greatest common divisor of 5 and w?
5
Let y(k) = -k**2 - 21*k + 37. Let z be y(-22). Let p be (-2)/z + 63408/360. Calculate the highest common factor of 16 and p.
16
Suppose -5*y = -25, -2*f = -0*f + 2*y - 42. Let n = -8 + f. Let x be (1 - -6)/(n/56). What is the greatest common divisor of 7 and x?
7
Let m be -1 + 1 + 1 - -62. Let s(h) be the second derivative of h**4/12 - 7*h**3/6 + h**2/2 - 4*h. Let r be s(8). What is the greatest common factor of r and m?
9
Suppose 0 = -o + 3*n + 9 + 47, -2*n - 175 = -3*o. Let a = o + -39. What is the greatest common divisor of 30 and a?
10
Suppose 5*f + 5*k = -80, -4*f - 42 = -5*k + 13. Let m(s) = s + 32. Let w be m(f). What is the greatest common divisor of 34 and w?
17
Let p = -2 - -20. Suppose -2*y = -4*i + 658, 3*y + 177 = 4*i - 3*i. Calculate the greatest common divisor of p and i.
18
Suppose -51 = 3*n + 3*j + 78, -n = 5*j + 63. Let d = -16 - n. Calculate the greatest common divisor of d and 11.
11
Suppose -z - 10*h = -7*h - 36, -3*z - 2*h = -73. Calculate the greatest common divisor of z and 49.
7
Let l = 211 + -151. What is the highest common factor of 220 and l?
20
Let d = 188 - 83. Suppose 72 = 3*c + 2*h - 281, h = -5. Let n = -79 + c. Calculate the greatest common factor of n and d.
21
Suppose 0 = -67*v - 1654 + 20414. What is the highest common factor of v and 440?
40
Suppose -2*t + 32 + 10 = 2*d, -3*d - 2*t + 66 = 0. What is the greatest common factor of d and 132?
12
Let c be ((-3)/5)/(19/(-950)). What is the greatest common divisor of 310 and c?
10
Let x be (15 + (-351)/26)*64/6. What is the greatest common divisor of 2768 and x?
16
Let x be (0 + 1 - -4)/1. Suppose -v = x*u - 114, 6*v - v = -2*u + 524. Calculate the greatest common divisor of 13 and v.
13
Let n(j) = -32*j - 114. Let u be n(-6). Calculate the greatest common divisor of u and 182.
26
Let r be (-6)/(-10) + (-51)/(-15). Suppose r*b - 63 = -27. Suppose 3*o + a = 53, 0*a = o - 4*a - b. Calculate the highest common divisor of 153 and o.
17
Suppose -5*t - h = -150, 0 = t - 0*h - 2*h - 30. Calculate the greatest common divisor of t and 12.
6
Let p be 5 - -2 - (-504)/21. Calculate the highest common factor of 186 and p.
31
Let l(t) = t**3 + 22*t**2 - 4*t - 72. Let p be l(-22). Calculate the greatest common factor of p and 304.
16
Let c = 24 + -23. Let r be ((-110)/11)/(c/(-12)). Let t(h) = h**2 - 4*h + 3. Let x be t(6). What is the greatest common factor of x and r?
15
Suppose -5*v + 383 = 103. Suppose z + z = v. What is the greatest common divisor of z and 14?
14
Let q be (1 - 0)*3*2/1. Suppose -3*d + q*n + 47 = n, 0 = -d - 5*n - 11. Let b be 76/2 + 2/(-1). What is the highest common factor of d and b?
9
Let j(p) = -3*p + 68. Let g be ((-5)/10 + -5)*-4. Let n be j(g). What is the greatest common divisor of n and 3?
1
Let u(l) = l**3 - 8*l**2 - 15*l + 19. Let t be u(9). Let n = 41 + t. Let s = 12 + -8. What is the highest common divisor of s and n?
2
Suppose -6*m - 6*m = -8280. Calculate the highest common divisor of m and 30.
30
Suppose -1320 = -l - 5*l. Calculate the greatest common factor of 20 and l.
20
Let s(f) = 2*f + 1. Let w be s(1). Suppose 5*q + 25 = -0*q. Let i be (-2)/q + 2006/85. What is the highest common divisor of w and i?
3
Let u(g) = g**3 + 3*g**2 - g + 4. Let d be u(-3). Let i(w) = 2*w**2 + d*w + 7 - 8*w + 13*w. Let z be i(-8). Calculate the greatest common divisor of z and 13.
13
Let q(n) = 11*n**2 + 14*n - 7. Let t be q(6). Calculate the greatest common factor of 11 and t.
11
Suppose -10*l = -5*l - 145. Calculate the highest common factor of 899 and l.
29
Let t = 36 - -20. Calculate the highest common divisor of 98 and t.
14
Let j = 793 - 735. Calculate the highest common factor of 2 and j.
2
Let v be ((-135)/(-1215))/(2/342). What is the greatest common divisor of v and 247?
19
Let o be 8 + 5 - -6*4/(-12). What is the highest common factor of o and 737?
11
Let m(w) = 5*w**2 - 6*w + 5. Let v be m(3). Suppose q - v = 5*q. Let x be 1 - 1 - (q - -5). Calculate the greatest common divisor of 33 and x.
3
Suppose 2*g + 4*s - 130 = -s, 216 = 4*g - s. Suppose -6*o + g = -o. Calculate the highest common divisor of o and 77.
11
Let i be 10*(-4 + 192/30). What is the greatest common divisor of i and 948?
12
Let n = -13 - -20. Let y(c) = c**3 - 4*c**2 - 18*c + 5. Let b be y(n). What is the highest common divisor of b and 2?
2
Let x be 25/4 - 15/60. Suppose -x*g + 1 = d - g, d - 4 = -4*g. Calculate the greatest common divisor of 40 and d.
8
Let y = -38 - -61. Suppose 2*i - k = 1658, -4 = 4*k + 4. Suppose -18*p = -14*p - i. Calculate the greatest common factor of p and y.
23
Suppose 3*f + 2*f - 180 = -4*r, 0 = -4*r + 20. Let u = 608 - 560. Calculate the greatest common divisor of u and f.
16
Suppose 2646 = 86*t - 59*t. What is the highest common divisor of t and 126?
14
Suppose 11*i - 40 = -9*i. Suppose 2*u - 168 = -i*u. Let k(x) = x + 63. Let h be k(0). What is the highest common divisor of h and u?
21
Let k be -15*(-16)/3*10/4. What is the highest common divisor of k and 450?
50
Let v be (451/22)/(2/4). Let f = v + 5. Calculate the highest common factor of f and 92.
46
Suppose -3*t = -5*t - 4. Let b be t*(-1 + 9/(-6)). Suppose -4*q - 5*n + 50 = 0, 0 = -q - 0*q + b*n. Calculate the greatest common factor of 10 and q.
10
Suppose 2*j - j + 5*k - 20 = 0, -k - 12 = -3*j. Let x be 19/3 + 64/(-48). What is the greatest common divisor of x and j?
5
Suppose -141*a = -135*a - 486. Calculate the highest common factor of a and 108.
27
Let y = 5 + -1. Suppose -38 = -y*t + 18. What is the highest common factor of t and 7?
7
Suppose 200 = 3*a - o, 2*a - 125 = -0*a - o. Let j = a + -48. Calculate the highest common factor of 51 and j.
17
Let j be (1 - 1)*(-2 + 3). Let a be 7 + (-7 + 4 - j). Suppose 177 = a*u + 37. What is the highest common factor of u and 5?
5
Suppose 4*b - 3*a - 100 = 0, -5*a - 30 = -10. What is the greatest common divisor of 22 and b?
22
Let r(k) be the third derivative of k**6/120 + k**5/60 + k**4/12 + 2*k**3 - 43*k**2. Let p be r(0). What is the highest common divisor of 36 and p?
12
Let x(w) = 3*w - 14. Let t be x(9). Let u be t/5 + (-8)/(-20). Suppose -u*i + 38 = -34. What is the highest common factor of 3 and i?
3
Let c = 791 - 521. Calculate the greatest common divisor of c and